+ 11. Let z be a(v). Let l = z + -21. Calculate the highest common divisor of l and 32.
16
Let a = -212 + 245. Suppose 0 = a*o - 19*o - 2548. Let y = -14 + 28. What is the highest common factor of y and o?
14
Suppose z - 4*m - 971 = 0, 0 = -z - 13*m + 8*m + 926. Calculate the greatest common factor of 3 and z.
3
Suppose -l + 16 = 3*i, 3*l - 6 = 2*l - 5*i. Let k = -19 + l. Suppose -6*b = 33 - 609. What is the highest common divisor of b and k?
12
Let q(r) = r**3 - 7*r**2 - 24*r + 4. Let j be q(6). Suppose -5*d + 2*d - 3 = 0. Let v be d/(2/j*1). Calculate the greatest common divisor of 8 and v.
8
Let m be (0 - (-15)/4)/(129/81184). Calculate the greatest common factor of m and 8.
8
Let p = 10 - -17. Let z(t) = p + 19*t + 23*t**2 - 25 + t**3 + 44. Let w be z(-22). What is the greatest common factor of w and 14?
14
Let s(k) = 30*k**3 + 7*k**2 - 11*k - 4. Let f be s(2). Suppose 116 + 57 = 5*c - 2*y, -70 = -2*c + y. Calculate the greatest common factor of f and c.
11
Let o(u) = 5*u + 31. Let y be o(8). Suppose 0 = -r - t + y, -5*t + 67 = -5*r + 372. What is the greatest common factor of r and 330?
66
Let a = 32 + -27. Suppose 30 - 90 = -a*j. Let v be 4*(-3)/(-30)*60. What is the greatest common divisor of v and j?
12
Suppose -8*p - 1175 = -10967. Calculate the highest common divisor of 54 and p.
18
Let v = 51 + -49. Let w be -1*v/4*-26. Calculate the highest common divisor of 13 and w.
13
Suppose -l + 2*z + 11 = 0, -z - 1 = 4*l - 0. Let s be (0 - -3) + 2 + -3. Let y = l + s. What is the greatest common factor of 12 and y?
3
Suppose -16051 = -42*z - 83*z + 12824. Let u be (-13)/(0 - 1) - -1. Calculate the greatest common divisor of u and z.
7
Suppose 15 = 3*d - 8*g - 242, 302 = 3*d + g. What is the highest common factor of 2739 and d?
33
Let g(v) = 7*v + 138. Let q be g(-31). Let f = q + 155. What is the greatest common factor of 4 and f?
4
Let b = 7908 + -7753. Calculate the greatest common factor of b and 60.
5
Let h(k) = -k**2 + 12*k - 2. Let u be h(8). Let c(p) = p**2 + 3*p - 6. Let q be c(-6). Suppose -2*a = -q - 12. Calculate the greatest common factor of u and a.
6
Let y be ((-60)/(-9))/(5/((-46530)/(-12))). What is the greatest common divisor of 5 and y?
5
Let s be ((-12)/15)/(64/(-9120)). Calculate the greatest common factor of 1216 and s.
38
Let y be -111 + 5/(-5)*-3. Let t = 133 + y. Let o be (-26)/(-13) - t/(-1). Calculate the highest common divisor of o and 297.
27
Let k(n) = -165*n - 71. Let m(x) = -166*x - 70. Let g(h) = 5*k(h) - 4*m(h). Let b be g(-2). What is the highest common factor of 13 and b?
13
Suppose i - 2*i = 6. Let w be 1*(-633)/i*2. Let s = -116 + w. What is the greatest common factor of 19 and s?
19
Suppose 1008 = 26*j - 42*j. Let z be (-861)/j - (-2)/(-3). What is the highest common factor of 13 and z?
13
Let j = 666 + -282. Let u(a) = a**3 - 23*a**2 + 33*a - 218. Let y be u(22). Calculate the greatest common divisor of j and y.
24
Let a(z) = 3*z**2 + 1592*z - 12704. Let g be a(8). Calculate the highest common divisor of g and 938.
14
Suppose 5*d - 2*i - 50 = 3*i, 3*i = -d - 10. Suppose 0 = m - d*y - 15, -3*m - 4*y + 3*y = -93. What is the greatest common factor of m and 15?
15
Suppose -2*a - 2*d - 230 = 0, -3*a + 8*d - 313 = 3*d. Let r = 195 + a. Calculate the greatest common factor of 21 and r.
21
Let r(j) = 4*j**2 - 73*j - 122. Let n be r(22). What is the highest common divisor of 169 and n?
13
Suppose 5*q - 20130 = -5*x, 2*x - 2*q = 3216 + 4832. What is the greatest common divisor of x and 595?
35
Let q(o) = -30*o + 982. Let d be q(29). What is the highest common factor of 504 and d?
56
Let b = 33881 - 17317. Calculate the highest common divisor of b and 164.
164
Suppose -5*w - 2*g + 5 = 19, 5*w = -4*g - 8. Let z(s) = -2*s**3 - 4*s**2 + s. Let d be z(w). What is the greatest common factor of d and 48?
12
Let l be (117414/(-2965))/(5/((-175)/2)). What is the greatest common divisor of 90 and l?
9
Let c = 226 - 491. Let r = c + 430. Calculate the greatest common factor of r and 45.
15
Suppose 14*r - 22587 - 94299 = -8*r. What is the greatest common divisor of r and 77?
77
Let m = 602 - 595. Suppose m*x + 2598 = 2738. Calculate the greatest common factor of x and 220.
20
Suppose 11*o - 31*o + 100 = 0. Let j = -26 - -52. Suppose 0 = -o*b - 1 + j. What is the greatest common divisor of 20 and b?
5
Let a = -10701 - -10728. Suppose -4*u + 4*z + 243 - 27 = 0, -3*u - 5*z + 162 = 0. Calculate the highest common divisor of u and a.
27
Let d be ((-20)/(-40))/(1470/(-492) - -3). Calculate the greatest common factor of d and 9512.
41
Let f be ((-384)/18)/(((-56)/21)/4). What is the highest common divisor of 928 and f?
32
Let a be 8*5/10 + 871. Suppose -a = 17*t - 12*t. Let v = -79 - t. What is the highest common divisor of v and 8?
8
Suppose -67*r + 6435 + 1285 = -1928. Let f(m) = 3*m**2 - 2*m. Let p be f(6). What is the greatest common divisor of r and p?
48
Suppose -47*d + 4160 = -117. Calculate the highest common factor of d and 3263.
13
Suppose 2*g - 8 - 12 = -3*k, -5*g + 32 = 3*k. Suppose k*o + 36 = 292. Calculate the highest common divisor of o and 64.
64
Let c(u) = -144*u - 1308. Let z be c(-26). Calculate the highest common divisor of 84 and z.
84
Suppose -5*b = -5*i - 345, -5*b + 286 = 5*i - 79. Let o = -73 + b. Let y be 1/o - (-99)/2. What is the highest common divisor of y and 14?
7
Suppose 18*j = 19*j - 2*g - 240, 0 = -4*j - g + 924. What is the highest common divisor of j and 6206?
58
Let h = -316 - -316. Let g(z) = 25*z + 48. Let v be g(h). Calculate the greatest common divisor of 156 and v.
12
Let d(n) = -101*n**2 - 945*n + 5. Let f be d(-5). What is the greatest common divisor of 135 and f?
45
Let c be 1/((-1)/(128/(-1))). Suppose 170 = 5*b - 2*h - 0*h, -3*h - 1 = 14. Calculate the greatest common divisor of c and b.
32
Let q be 414 + -1 - (-2)/2. Let z(m) = -4*m**3 + 16*m**2 + 3*m - 27. Let j be z(3). What is the highest common factor of q and j?
18
Suppose -v = 4*v - 255. Let u be (-1689)/(-6) - 4/(48/(-6)). Let a = u + 24. What is the highest common factor of a and v?
51
Let h = 63 - 43. Suppose -a = k - 43, -63 = -2*k + a + h. Suppose -15 = -0*n - 3*n - t, -3 = -n - t. Calculate the highest common divisor of k and n.
6
Let c(s) be the second derivative of 17*s**3/6 - 2*s**2 - 2*s + 35. Let o be c(8). What is the highest common divisor of 220 and o?
44
Let b(q) = -2*q**3 - q**2 - 2*q - 1. Let x be b(-2). Let g(h) = 12*h + 1857. Let n be g(-146). Calculate the highest common factor of x and n.
15
Let p(w) = 5*w**2 + 15*w + 65. Let u be p(-6). What is the greatest common divisor of u and 25?
5
Suppose -t - 2*o + 6*o = -7499, 2*t - 14972 = -5*o. Let d be t/18 - 2/12. Calculate the highest common factor of d and 13.
13
Suppose -75*g + 38057 + 9319 = -90624. What is the greatest common factor of g and 322?
46
Suppose -19 = -4*x - p, -3*p - 39 = 9*x - 13*x. Calculate the greatest common factor of x and 606.
6
Let a = -1069 + 1782. What is the greatest common divisor of a and 93?
31
Let w(d) = -3*d**3 + 3*d**2 + 4*d + 5. Let v = 168 + -118. Let h = v + -52. Let s be w(h). What is the highest common divisor of 22 and s?
11
Let u(v) = 2*v**3 - 16*v**2 + 2*v. Let z be u(11). Let w = z + -429. What is the highest common divisor of 11 and w?
11
Let p = -128 + 130. Suppose -z = -p*j + 25, -j - 12*z + 16*z = -2. What is the greatest common factor of 63 and j?
7
Let m(g) = -21 - 17 - 11*g - g**3 - 6*g + 5 + 20*g**2. Let o be m(19). Calculate the greatest common factor of o and 175.
5
Let i(p) = 5*p**3 - 15*p**2 - p - 10. Let t be i(4). Suppose -72 + 512 = 4*g. What is the highest common factor of t and g?
22
Suppose -n - 69 + 284 = 0. Suppose -5*f = -i + 235, -3*f - n = -i - 2*f. What is the greatest common factor of 28 and i?
14
Let b be -242*(-3 + 1) - -4. Let d = 767 - b. Calculate the highest common divisor of 9 and d.
9
Let y = 35 + -36. Let s be (-5)/((-15)/6) - (y - 5). Suppose -15 = -s*r + 3*r. What is the greatest common divisor of 3 and r?
3
Let x(g) = -17*g - 5. Let s be x(-1). Let p be (-1945)/(-6) - (17/102 + 0). Calculate the highest common divisor of p and s.
12
Let p(c) = 3433*c**2 - 8*c + 7. Let h be p(1). What is the highest common factor of h and 48?
24
Let a(o) be the third derivative of o**6/120 - 4*o